o) = -2*o**2 - 22*o - 14. Give k(-10).
6
Let w(t) = -24*t + 3. What is w(2)?
-45
Let x(f) = -f**3 - 4*f**2 - 2*f + 2. Give x(-3).
-1
Let r(o) = o**2 - 17*o - 65. Calculate r(21).
19
Let v(x) = 2*x**3 + 2*x**2 - 14*x + 21. What is v(2)?
17
Let k(n) = -6*n**2 + 4. Calculate k(3).
-50
Let t(l) = 26*l - 3. What is t(2)?
49
Let x(v) = v**3 + 4*v**2 + 3*v + 2. Give x(-3).
2
Let q(l) = -l**2 - 17*l - 11. Determine q(-17).
-11
Let o(w) = -w**3 + 8*w**2 - 3*w - 7. Calculate o(8).
-31
Let h(r) = 2*r + 12. What is h(-4)?
4
Let f(x) = 8*x**3 - 2*x + 1. What is f(1)?
7
Let p(l) = -2*l**2 - 27*l + 56. What is p(-15)?
11
Let i(r) = 4*r - 27. Determine i(6).
-3
Let u(r) = 3*r**3 - 3*r**2 + 2*r + 2. What is u(2)?
18
Let q(i) = -4*i + 49. Calculate q(12).
1
Let g(q) = -4*q**2 + 10*q - 8. Determine g(3).
-14
Let t(u) = u**2 + 1. Give t(-2).
5
Let h(i) = -92*i - 281. Give h(-3).
-5
Let w(h) = -4*h + 1. Give w(-1).
5
Let f(i) = 13*i**2 + 2*i + 2. Give f(-1).
13
Let k(n) = n - 7. Calculate k(-4).
-11
Let d(r) = r**3 + r**2 + r + 6. Give d(0).
6
Let n(p) = -p**2 - 7*p + 5. Give n(-7).
5
Let r(u) = -u**3 - 26*u**2 + 25*u - 67. What is r(-27)?
-13
Let g(f) = 3*f + 4. Determine g(-6).
-14
Let m(a) = -7*a**2 + a - 2. Determine m(2).
-28
Let y(g) = -19*g + 167. Determine y(9).
-4
Let y(s) = 84*s - 1. What is y(1)?
83
Let t(j) = j**3 - 8*j**2 + 7*j - 3. What is t(7)?
-3
Let n(b) = 3*b**2 - b - 6. Determine n(-3).
24
Let y(u) = u**2 + 14*u - 127. Give y(-20).
-7
Let p(h) = h**3 + 9*h**2 - 38*h - 28. Give p(-12).
-4
Let i(m) = -2*m**2 - 18*m + 13. Give i(-9).
13
Let g(i) = 4*i - 27. What is g(-6)?
-51
Let j(v) = -v**2 + 2*v + 21. Calculate j(0).
21
Let n(a) = -a - 6. What is n(9)?
-15
Let y(f) = -f**2 - 26*f - 4. What is y(-26)?
-4
Let s(k) = -6*k**2 + 21*k - 3. What is s(3)?
6
Let q(a) = a**2 - 2. Give q(5).
23
Let h(d) = -3*d + 1. What is h(-2)?
7
Let b(l) = l**2 + 4*l - 83. Calculate b(7).
-6
Let o(c) = -3*c - 33. Calculate o(-7).
-12
Let b(j) = j**2 - 4*j + 24. Calculate b(-10).
164
Let w(t) = -2*t + 7. What is w(10)?
-13
Let j(d) = -2*d**3 - 22*d**2 + 4*d + 48. Give j(-11).
4
Let f(y) = 31*y**2 - 2*y - 1. What is f(-1)?
32
Let s(l) = l + 6. Give s(-1).
5
Let v(n) = n**2 + 6*n + 1. Determine v(-7).
8
Let x(p) = -5*p + 9. Calculate x(-1).
14
Let t(k) = -k**3 - 32*k**2 + 36*k + 90. Determine t(-33).
-9
Let q(m) = m**3 + 8*m**2 - 21*m - 14. Give q(-10).
-4
Let a(f) = 3*f - 22. Calculate a(10).
8
Let b(t) = 10*t + 136. Calculate b(-11).
26
Let v(a) = 4*a + 9. Calculate v(-8).
-23
Let s(c) = 12*c - 11. Determine s(-2).
-35
Let j(s) = 21*s + 8. Determine j(-1).
-13
Let i(v) = -2*v + 11. What is i(6)?
-1
Let h(p) = p**2 - 5*p + 6. Give h(6).
12
Let i(o) = o**3 - 16*o**2 + 3. What is i(16)?
3
Let w(s) = 4*s**2 - 56*s + 17. Give w(14).
17
Let y(x) = -52*x**3 + 2*x**2 - 1. Calculate y(-1).
53
Let u(g) = g**3 - 3*g**2 - g. Give u(5).
45
Let r(p) = 16*p + 117. Give r(-8).
-11
Let v(p) = -4*p + 8. What is v(-8)?
40
Let v(f) = -f**2 - f - 2. Calculate v(-3).
-8
Let a(r) = r**2 + 3*r - 5. Determine a(3).
13
Let u(b) = -3*b**2 + 14*b. What is u(5)?
-5
Let n(v) = 15*v**2 + 11*v - 12. Determine n(1).
14
Let y(p) = 4*p + 33. Give y(-8).
1
Let x(f) = 3*f**3 + f**2 - 3*f + 2. Determine x(2).
24
Let f(j) = -j**2 - 16*j - 47. Calculate f(-11).
8
Let t(s) = 10*s - 178. Determine t(13).
-48
Let j(n) = -n**2 - 12*n + 20. Calculate j(-12).
20
Let h(o) = 3*o**2 - 21*o - 234. Calculate h(-6).
0
Let u(d) = -11*d + 35. Give u(4).
-9
Let w(h) = -4*h + 24. What is w(4)?
8
Let s(m) = m**3 + 4*m**2 - 18*m - 17. What is s(-7)?
-38
Let l(g) = 5*g - 15. Calculate l(6).
15
Let p(v) = 8*v + 11. Determine p(-2).
-5
Let w(x) = 138*x - 1243. Determine w(9).
-1
Let x(f) = -f**3 + 3*f**2 - 4*f - 4. Give x(5).
-74
Let z(i) = -i**3 + 9*i**2 - i + 12. Give z(9).
3
Let n(a) = a**3 - 18*a**2 + 32*a + 8. Calculate n(16).
8
Let w(h) = -h + 14. Determine w(19).
-5
Let s(h) = -2*h**3 - 8*h**2 + 17*h + 30. What is s(-5)?
-5
Let c(m) = 4*m**2 + 9*m. Give c(-2).
-2
Let b(w) = -2*w**3 + 22*w**2 - 17*w - 22. Determine b(10).
8
Let d(o) = -o**2 + 17*o + 83. Calculate d(20).
23
Let w(q) = 7*q + 15. Give w(-3).
-6
Let j(w) = -3*w + 3. Give j(10).
-27
Let m(o) = -3*o - 6. Calculate m(-5).
9
Let j(o) = -o**3 + 8*o**2 + 20*o - 10. What is j(10)?
-10
Let c(z) = 2*z + 24. Give c(-12).
0
Let y(v) = v**3 + 6*v**2 + 4*v + 10. Determine y(-5).
15
Let z(j) = 8*j - 14. What is z(9)?
58
Let p(b) = b**3 - 3*b**2 - b + 3. Calculate p(3).
0
Let q(u) = -u**3 - 23*u**2 + 51*u + 22. What is q(-25)?
-3
Let b(j) = -15*j**3 + j + 1. Determine b(-1).
15
Let x(a) = -2*a**2 + 14*a - 12. What is x(6)?
0
Let v(m) = -27*m - 791. Determine v(-29).
-8
Let b(j) = j**3 - 11*j**2 - 5*j + 53. Determine b(11).
-2
Let z(r) = r**2 - 25*r - 41. What is z(26)?
-15
Let u(r) = -4*r**3 - r**2 + 8*r - 8. What is u(1)?
-5
Let s(n) = n**3 + 5*n**2 + 7*n + 60. Give s(-6).
-18
Let n(o) = o**3 - 15*o**2 + 11*o + 48. Calculate n(14).
6
Let z(v) = v**2 - 25*v + 8. What is z(26)?
34
Let l(c) = 25*c - 131. What is l(5)?
-6
Let m(j) = 2*j - 22. Give m(16).
10
Let z(d) = d**3 - 4*d**2 + 3*d + 12. Determine z(6).
102
Let s(h) = h**2 + 30*h + 30. Give s(-25).
-95
Let x(u) = u**3 + 7*u**2 + 10*u + 19. Determine x(-6).
-5
Let c(b) = -b - 5. Determine c(7).
-12
Let s(z) = -z**2 + 3*z + 13. What is s(5)?
3
Let m(k) = -6*k + 7. Give m(3).
-11
Let i(o) = -2*o + 25. Determine i(16).
-7
Let l(p) = p**3 - 5*p**2 - 8*p + 6. Give l(6).
-6
Let n(q) = 5*q - 5. Calculate n(4).
15
Let k(l) = -2*l + 17. What is k(8)?
1
Let f(j) = 6*j + 30. What is f(-6)?
-6
Let j(t) = t**3 - 8*t**2 - 4*t. Determine j(9).
45
Let s(b) = b**2 - 8*b + 18. Calculate s(9).
27
Let l(o) = 12*o + 2. Give l(1).
14
Let q(k) = k**2 - 4*k - 1. What is q(8)?
31
Let a(k) = -k - 28. Calculate a(-15).
-13
Let v(m) = -m**3 + 3*m**2 + 2*m - 8. Determine v(4).
-16
Let r(w) = -w**2 - 5*w. What is r(0)?
0
Let w(z) = 6*z - 5. Give w(5).
25
Let w(m) = 9*m + 9. Give w(-5).
-36
Let s(d) = d**2 - d - 5. Give s(3).
1
Let q(m) = m**2 + 7*m - 6. Calculate q(-7).
-6
Let h(f) = 8*f - 1. What is h(0)?
-1
Let z(w) = w**2 + 3*w - 25. Give z(-9).
29
Let x(t) = 4*t - 14. Give x(4).
2
Let b(h) = -h**3 + 6*h**2 - 2*h + 3. Give b(7).
-60
Let u(y) = y**2 + 15*y + 7. Determine u(-16).
23
Let d(t) = -t + 12. Calculate d(3).
9
Let w(m) = 7*m - 5. What is w(5)?
30
Let c(d) = 28*d**3 + d**2 - d - 1. What is c(-1)?
-27
Let t(o) = -59*o - 2. Give t(-2).
116
Let d(j) = 6*j**2 - 100*j - 8. What is d(17)?
26
Let n(h) = h**2 + 3*h + 43. What is n(-7)?
71
Let b(h) = -h**3 + 16*h**2 - 66*h + 15. Calculate b(7).
-6
Let l(x) = 5*x**2 + 3*x + 3. What is l(-3)?
39
Let c(i) = i**2 + 7*i. Calculate c(-7).
0
Let h(v) = -3*v**2 + 7*v + 9. What is h(4)?
-11
Let t(p) = -p**2 + 3*p - 6. What is t(2)?
-4
Let y(h) = h**2 - 17*h - 19. What is y(16)?
-35
Let k(z) = z**3 + 11*z**2 - 13*z - 7. What is k(-12)?
5
Let z(g) = g**3 + 2*g**2 + g - 4. Give z(0).
-4
Let k(m) = m**2 - 17*m + 3. What is k(17)?
3
Let u(f) = 20*f**2 - 60*f + 6. Give u(3).
6
Let s(k) = k**3 + 2*k**2 + k + 1. What is s(2)?
19
Let h(m) = 6*m**2 + 4*m + 3. What is h(-2)?
19
Let x(y) = 21*y + 20. Determine x(-1).
-1
Let i(q) = -q**2 - 4*q + 50. Determine i(-9).
5
Let k(x) = -2*x**3 - 18*x**2 - 14*x + 12. Calculate k(-8).
-4
Let l(v) = 14*v + 299. Calculate l(-21).
5
Let f(y) = -21*y - 9. What is f(4)?
-93
Let m(s) = -32*s. Calculate m(1).
-32
Let g(u) = -u - 7. What is g(4)?
-11
Let v(g) = -7*g + 81. What is v(11)?
4
Let k(q) = q**2 + 22*q + 11. Calculate k(-21).
-10
Let m(i) = -35*i - 1. What is m(1)?
-36
Let w(l) = l**2 + 16*l - 102. Calculate w(5).
3
Let c(t) = -t**3 + 13*t**2 - 8*t - 46. Calculate c(12).
2
Let t(n) = 2*n + 4. Give t(9).
22
Let x(k) = k**2 + 5*k + 10. Give x(-5).
10
Let o(y) = -4*y**3 - y**2 - 2*y - 1. What is o(-1)?
4
Let p(g) = -g**2 - 8*g - 9. Calculate p(-5).
6
Let f(o) = 3*o**2 + 23*o - 8. Determine f(-8).
0
Let u(r) = -r - 15. Determine u(-18).
3
Let o(r) = -r**2 + 11*r + 191. Give o(20).
11
Let r(s) = s**3 - 24*s**2 - 23*s - 44. Determine r(25).
6
Let m(d) = d**3 + d**2 - 3*d - 2. What is m(-2)?
0
Let f(g) = g**2 + 2*g - 33. What is f(0)?
-33
Let b(f) = f**3 - 11*f**2 + 7*f - 23. Determine b(10).
-53
Let u(x) = x**2 - 22*x + 111. Give u(8).
-1
Let f(z) = -4*z**2 + 10*z - 9. Give f(3).
-15